0208 is divided by 106?
104
What is the remainder when 40153 is divided by 3646?
47
Calculate the remainder when 6647264 is divided by 296.
288
Calculate the remainder when 12764452 is divided by 103776.
4
Calculate the remainder when 1164607949 is divided by 1650.
1649
What is the remainder when 29174 is divided by 2428?
38
Calculate the remainder when 44891151 is divided by 6152.
7
What is the remainder when 16699222 is divided by 655?
652
What is the remainder when 356784 is divided by 380?
344
What is the remainder when 1464160 is divided by 54220?
220
Calculate the remainder when 4314610 is divided by 159799.
37
Calculate the remainder when 2454920 is divided by 34096.
8
What is the remainder when 64919 is divided by 37?
21
What is the remainder when 4397534 is divided by 140?
134
Calculate the remainder when 428933 is divided by 98.
85
What is the remainder when 304609 is divided by 16854?
1237
Calculate the remainder when 114137 is divided by 2112.
89
Calculate the remainder when 3023898 is divided by 229.
182
Calculate the remainder when 13304 is divided by 2069.
890
What is the remainder when 1589895 is divided by 232?
231
What is the remainder when 172973781 is divided by 25?
6
Calculate the remainder when 1136257 is divided by 1056.
1
Calculate the remainder when 6099422 is divided by 237.
227
What is the remainder when 5829309 is divided by 12?
9
What is the remainder when 65646 is divided by 101?
97
Calculate the remainder when 1313086 is divided by 1311827.
1259
Calculate the remainder when 4497213 is divided by 354.
351
Calculate the remainder when 13539689 is divided by 18077.
16
Calculate the remainder when 150470 is divided by 420.
110
Calculate the remainder when 108537 is divided by 36164.
45
Calculate the remainder when 74810143 is divided by 1559.
1528
Calculate the remainder when 840356 is divided by 373.
360
What is the remainder when 5018493 is divided by 2509234?
25
Calculate the remainder when 16947 is divided by 97.
69
What is the remainder when 17985404 is divided by 486092?
0
What is the remainder when 445525639 is divided by 28?
27
Calculate the remainder when 77234068 is divided by 253.
252
Calculate the remainder when 3036247 is divided by 1138.
63
Calculate the remainder when 74169181 is divided by 81.
73
Calculate the remainder when 19579802 is divided by 9789778.
246
What is the remainder when 2117 is divided by 518?
45
Calculate the remainder when 220874 is divided by 36397.
2492
What is the remainder when 157809039 is divided by 215881?
28
What is the remainder when 427753 is divided by 250?
3
Calculate the remainder when 1382159 is divided by 4488.
4343
Calculate the remainder when 18616967 is divided by 131.
33
What is the remainder when 9422062 is divided by 1884399?
67
What is the remainder when 141526 is divided by 23004?
3502
Calculate the remainder when 108148 is divided by 108120.
28
Calculate the remainder when 47614169 is divided by 227.
11
Calculate the remainder when 3139 is divided by 612.
79
Calculate the remainder when 171541112 is divided by 57180367.
11
What is the remainder when 103789348 is divided by 523?
521
Calculate the remainder when 1181769 is divided by 673.
654
Calculate the remainder when 8690941 is divided by 128.
125
What is the remainder when 3866219 is divided by 6401?
15
What is the remainder when 41177 is divided by 1352?
617
Calculate the remainder when 24742668 is divided by 1404.
1380
Calculate the remainder when 51210351 is divided by 3509.
5
What is the remainder when 820639 is divided by 23445?
64
What is the remainder when 7232593 is divided by 860?
853
What is the remainder when 5310839 is divided by 473?
468
Calculate the remainder when 146019 is divided by 72993.
33
What is the remainder when 62730 is divided by 30939?
852
What is the remainder when 109509 is divided by 10938?
129
Calculate the remainder when 84387 is divided by 8427.
117
Calculate the remainder when 569409 is divided by 16267.
64
Calculate the remainder when 1221397 is divided by 407122.
31
Calculate the remainder when 144305029 is divided by 118.
115
What is the remainder when 59160 is divided by 59128?
32
Calculate the remainder when 310738 is divided by 14112.
274
Calculate the remainder when 239019 is divided by 100.
19
Calculate the remainder when 18477179 is divided by 9238473.
233
What is the remainder when 16185 is divided by 15362?
823
Calculate the remainder when 6669666 is divided by 6669493.
173
What is the remainder when 702096 is divided by 232807?
3675
Calculate the remainder when 56654678 is divided by 14163667.
10
What is the remainder when 15481 is divided by 11824?
3657
Calculate the remainder when 94745033 is divided by 737.
735
What is the remainder when 25982 is divided by 7298?
4088
What is the remainder when 59838 is divided by 4129?
2032
What is the remainder when 3571935 is divided by 9020?
15
Calculate the remainder when 325803 is divided by 10506.
117
What is the remainder when 318992588 is divided by 3123?
3122
Calculate the remainder when 154195 is divided by 1905.
1795
What is the remainder when 286664 is divided by 686?
602
Calculate the remainder when 778418 is divided by 10106.
256
Calculate the remainder when 19418262 is divided by 2387.
17
What is the remainder when 164670 is divided by 1395?
60
What is the remainder when 859553 is divided by 171907?
18
What is the remainder when 1141990 is divided by 557?
140
What is the remainder when 303579 is divided by 13791?
177
What is the remainder when 73445619 is divided by 26?
13
What is the remainder when 31435382 is divided by 3492820?
2
What is the remainder when 21148 is divided by 1597?
387
What is the remainder when 414810 is divided by 361?
21
What is the remainder when 3741387 is divided by 1247116?
39
Calculate the remainder when 566855 is divided by 6662.
585
What is the remainder when 109097 is divided by 4638?
2423
What is the remainder when 2569842728 is divided by 35?
33
Calculate the remainder when 3212473 is divided by 1729.
1720
Calculate the remainder when 35838623 is divided by 208.
15
Calculate the remainder when 134751 is divided by 33626.
247
What is the remainder when 18607143 is divided by 24?
15
Calculate the remainder when 27923052 is divided by 141741.
75
Calculate the remainder when 782976 is divided by 20.
16
What is the remainder when 185697 is divided by 796?
229
Calculate the remainder when 2860175 is divided by 257.
22
What is the remainder when 83516 is divided by 3204?
212
What is the remainder when 3522075 is divided by 11?
7
Calculate the remainder when 73927615 is divided by 916.
3
What is the remainder when 18142733 is divided by 1694?
1687
What is the remainder when 117274 is divided by 29240?
314
Calculate the remainder when 539608 is divided by 255.
28
What is the remainder when 12904723 is divided by 6452197?
329
Calculate the remainder when 87872855 is divided by 998555.
15
What is the remainder when 1326630 is divided by 221101?
24
What is the remainder when 118635 is divided by 38476?
3207
What is the remainder when 8994784 is divided by 118?
116
What is the remainder when 75144 is divided by 1273?
37
Calculate the remainder when 936166 is divided by 5289.
13
Calculate the remainder when 656996 is divided by 451.
340
What is the remainder when 1396485 is divided by 269?
106
Calculate the remainder when 683310 is divided by 1842.
1770
What is the remainder when 901469 is divided by 190?
109
What is the remainder when 1530005 is divided by 3386?
2919
What is the remainder when 12101910 is divided by 648?
510
What is the remainder when 1498528 is divided by 48?
16
Calculate the remainder when 6669458 is divided by 3058.
3018
What is the remainder when 21829473 is divided by 65?
3
Calculate the remainder when 1377553 is divided by 196793.
2
What is the remainder when 2734671 is divided by 1367334?
3
Calculate the remainder when 6763241 is divided by 18580.
121
Calculate the remainder when 331660641 is divided by 14628.
14625
Calculate the remainder when 71902 is divided by 6235.
3317
Calculate the remainder when 36398 is divided by 4526.
190
Calculate the remainder when 163911 is divided by 788.
7
What is the remainder when 931255 is divided by 5414?
47
Calculate the re